Last updated on 2024-07-01 03:49:00 CEST.
Flavor | Version | Tinstall | Tcheck | Ttotal | Status | Flags |
---|---|---|---|---|---|---|
r-devel-linux-x86_64-debian-clang | 0.5.2 | 8.58 | 196.15 | 204.73 | OK | |
r-devel-linux-x86_64-debian-gcc | 0.5.2 | 5.96 | 142.47 | 148.43 | OK | |
r-devel-linux-x86_64-fedora-clang | 0.5.2 | 244.84 | NOTE | |||
r-devel-linux-x86_64-fedora-gcc | 0.5.2 | 263.01 | NOTE | |||
r-devel-windows-x86_64 | 0.5.2 | 10.00 | 185.00 | 195.00 | OK | |
r-patched-linux-x86_64 | 0.5.2 | 7.72 | 186.56 | 194.28 | OK | |
r-release-linux-x86_64 | 0.5.2 | 5.09 | 186.34 | 191.43 | OK | |
r-release-macos-arm64 | 0.5.2 | 102.00 | OK | |||
r-release-macos-x86_64 | 0.5.2 | 142.00 | OK | |||
r-release-windows-x86_64 | 0.5.2 | 9.00 | 183.00 | 192.00 | OK | |
r-oldrel-macos-arm64 | 0.5.2 | 95.00 | OK | |||
r-oldrel-macos-x86_64 | 0.5.2 | 200.00 | OK | |||
r-oldrel-windows-x86_64 | 0.5.2 | 11.00 | 215.00 | 226.00 | OK |
Version: 0.5.2
Check: data for non-ASCII characters
Result: NOTE
Note: found 20 marked UTF-8 strings
Flavors: r-devel-linux-x86_64-fedora-clang, r-devel-linux-x86_64-fedora-gcc