Last updated on 2024-07-01 03:49:00 CEST.
Flavor | Version | Tinstall | Tcheck | Ttotal | Status | Flags |
---|---|---|---|---|---|---|
r-devel-linux-x86_64-debian-clang | 0.1.4 | 16.42 | 118.99 | 135.41 | OK | |
r-devel-linux-x86_64-debian-gcc | 0.1.4 | 13.13 | 89.10 | 102.23 | OK | |
r-devel-linux-x86_64-fedora-clang | 0.1.4 | 179.70 | NOTE | |||
r-devel-linux-x86_64-fedora-gcc | 0.1.4 | 168.04 | NOTE | |||
r-devel-windows-x86_64 | 0.1.4 | 15.00 | 108.00 | 123.00 | OK | |
r-patched-linux-x86_64 | 0.1.4 | 16.43 | 115.32 | 131.75 | OK | |
r-release-linux-x86_64 | 0.1.4 | 9.81 | 115.59 | 125.40 | OK | |
r-release-macos-arm64 | 0.1.4 | 45.00 | OK | |||
r-release-macos-x86_64 | 0.1.4 | 80.00 | OK | |||
r-release-windows-x86_64 | 0.1.4 | 15.00 | 100.00 | 115.00 | OK | |
r-oldrel-macos-arm64 | 0.1.4 | 48.00 | OK | |||
r-oldrel-macos-x86_64 | 0.1.4 | 79.00 | OK | |||
r-oldrel-windows-x86_64 | 0.1.4 | 17.00 | 124.00 | 141.00 | OK |
Version: 0.1.4
Check: dependencies in R code
Result: NOTE
Namespaces in Imports field not imported from:
‘httr’ ‘stringr’
All declared Imports should be used.
Flavors: r-devel-linux-x86_64-fedora-clang, r-devel-linux-x86_64-fedora-gcc