Last updated on 2024-07-01 03:49:00 CEST.
Flavor | Version | Tinstall | Tcheck | Ttotal | Status | Flags |
---|---|---|---|---|---|---|
r-devel-linux-x86_64-debian-clang | 2.1.3.3 | 16.58 | 421.30 | 437.88 | OK | |
r-devel-linux-x86_64-debian-gcc | 2.1.3.3 | 13.82 | 257.53 | 271.35 | OK | |
r-devel-linux-x86_64-fedora-clang | 2.1.3.3 | 515.13 | NOTE | |||
r-devel-linux-x86_64-fedora-gcc | 2.1.3.3 | 516.94 | OK | |||
r-devel-windows-x86_64 | 2.1.3.3 | 15.00 | 255.00 | 270.00 | NOTE | |
r-patched-linux-x86_64 | 2.1.3.3 | 17.36 | 393.12 | 410.48 | OK | |
r-release-linux-x86_64 | 2.1.3.3 | 11.98 | 382.36 | 394.34 | OK | |
r-release-macos-arm64 | 2.1.3.3 | 139.00 | NOTE | |||
r-release-macos-x86_64 | 2.1.3.3 | 204.00 | NOTE | |||
r-release-windows-x86_64 | 2.1.3.3 | 16.00 | 262.00 | 278.00 | NOTE | |
r-oldrel-macos-arm64 | 2.1.3.3 | 136.00 | NOTE | |||
r-oldrel-macos-x86_64 | 2.1.3.3 | 269.00 | NOTE | |||
r-oldrel-windows-x86_64 | 2.1.3.3 | 19.00 | 316.00 | 335.00 | NOTE |
Version: 2.1.3.3
Check: installed package size
Result: NOTE
installed size is 5.1Mb
sub-directories of 1Mb or more:
doc 1.6Mb
extdata 2.7Mb
Flavors: r-devel-linux-x86_64-fedora-clang, r-devel-windows-x86_64, r-release-macos-arm64, r-release-macos-x86_64, r-release-windows-x86_64, r-oldrel-macos-arm64, r-oldrel-macos-x86_64, r-oldrel-windows-x86_64