Last updated on 2024-07-01 03:48:59 CEST.
Flavor | Version | Tinstall | Tcheck | Ttotal | Status | Flags |
---|---|---|---|---|---|---|
r-devel-linux-x86_64-debian-clang | 1.2.0 | 10.27 | 109.17 | 119.44 | OK | |
r-devel-linux-x86_64-debian-gcc | 1.2.0 | 6.58 | 101.42 | 108.00 | OK | |
r-devel-linux-x86_64-fedora-clang | 1.2.0 | 155.69 | NOTE | |||
r-devel-linux-x86_64-fedora-gcc | 1.2.0 | 174.65 | NOTE | |||
r-devel-windows-x86_64 | 1.2.0 | 12.00 | 122.00 | 134.00 | OK | |
r-patched-linux-x86_64 | 1.2.0 | 9.64 | 111.76 | 121.40 | OK | |
r-release-linux-x86_64 | 1.2.0 | 7.15 | 112.80 | 119.95 | OK | |
r-release-macos-arm64 | 1.2.0 | 69.00 | OK | |||
r-release-macos-x86_64 | 1.2.0 | 91.00 | OK | |||
r-release-windows-x86_64 | 1.2.0 | 13.00 | 122.00 | 135.00 | OK | |
r-oldrel-macos-arm64 | 1.2.0 | 69.00 | OK | |||
r-oldrel-macos-x86_64 | 1.2.0 | 120.00 | OK | |||
r-oldrel-windows-x86_64 | 1.2.0 | 15.00 | 139.00 | 154.00 | OK |
Version: 1.2.0
Check: data for non-ASCII characters
Result: NOTE
Note: found 9044 marked UTF-8 strings
Flavors: r-devel-linux-x86_64-fedora-clang, r-devel-linux-x86_64-fedora-gcc