Last updated on 2024-07-01 03:48:59 CEST.
Flavor | Version | Tinstall | Tcheck | Ttotal | Status | Flags |
---|---|---|---|---|---|---|
r-devel-linux-x86_64-debian-clang | 0.4.1 | 6.75 | 610.62 | 617.37 | OK | |
r-devel-linux-x86_64-debian-gcc | 0.4.1 | 6.15 | 423.60 | 429.75 | OK | |
r-devel-linux-x86_64-fedora-clang | 0.4.1 | 740.33 | OK | |||
r-devel-linux-x86_64-fedora-gcc | 0.4.1 | 759.54 | OK | |||
r-devel-windows-x86_64 | 0.4.1 | 9.00 | 406.00 | 415.00 | OK | |
r-patched-linux-x86_64 | 0.4.1 | 11.60 | 566.75 | 578.35 | OK | |
r-release-linux-x86_64 | 0.4.1 | 7.79 | 584.26 | 592.05 | OK | |
r-release-macos-arm64 | 0.4.1 | 184.00 | OK | |||
r-release-macos-x86_64 | 0.4.1 | 321.00 | OK | |||
r-release-windows-x86_64 | 0.4.1 | 11.00 | 418.00 | 429.00 | OK | |
r-oldrel-macos-arm64 | 0.4.1 | 80.00 | NOTE | |||
r-oldrel-macos-x86_64 | 0.4.1 | 186.00 | NOTE | |||
r-oldrel-windows-x86_64 | 0.4.1 | 14.00 | 522.00 | 536.00 | OK |
Version: 0.4.1
Check: package dependencies
Result: NOTE
Package suggested but not available for checking: ‘phyloseq’
Flavors: r-oldrel-macos-arm64, r-oldrel-macos-x86_64