Last updated on 2024-07-01 03:48:59 CEST.
Flavor | Version | Tinstall | Tcheck | Ttotal | Status | Flags |
---|---|---|---|---|---|---|
r-devel-linux-x86_64-debian-clang | 0.1.8 | 29.27 | 233.87 | 263.14 | OK | |
r-devel-linux-x86_64-debian-gcc | 0.1.8 | 19.34 | 171.55 | 190.89 | OK | |
r-devel-linux-x86_64-fedora-clang | 0.1.8 | 337.40 | OK | |||
r-devel-linux-x86_64-fedora-gcc | 0.1.8 | 318.77 | OK | |||
r-devel-windows-x86_64 | 0.1.8 | 23.00 | 157.00 | 180.00 | OK | |
r-patched-linux-x86_64 | 0.1.8 | 14.73 | 221.46 | 236.19 | OK | |
r-release-linux-x86_64 | 0.1.8 | 17.41 | 215.16 | 232.57 | OK | |
r-release-macos-arm64 | 0.1.8 | 5.00 | ERROR | |||
r-release-macos-x86_64 | 0.1.8 | 149.00 | OK | |||
r-release-windows-x86_64 | 0.1.8 | 22.00 | 159.00 | 181.00 | OK | |
r-oldrel-macos-arm64 | 0.1.8 | 88.00 | OK | |||
r-oldrel-macos-x86_64 | 0.1.8 | 11.00 | ERROR | |||
r-oldrel-windows-x86_64 | 0.1.8 | 5.00 | 8.00 | 13.00 | ERROR |
Version: 0.1.8
Check: package dependencies
Result: ERROR
Package required but not available: ‘org.Mm.eg.db’
See section ‘The DESCRIPTION file’ in the ‘Writing R Extensions’
manual.
Flavors: r-release-macos-arm64, r-oldrel-macos-x86_64
Version: 0.1.8
Check: whether package can be installed
Result: ERROR
Installation failed.
Flavor: r-oldrel-windows-x86_64