Last updated on 2024-07-01 03:48:59 CEST.
Flavor | Version | Tinstall | Tcheck | Ttotal | Status | Flags |
---|---|---|---|---|---|---|
r-devel-linux-x86_64-debian-clang | 2.0.0 | 15.40 | 68.68 | 84.08 | OK | |
r-devel-linux-x86_64-debian-gcc | 2.0.0 | 11.29 | 52.53 | 63.82 | OK | |
r-devel-linux-x86_64-fedora-clang | 2.0.0 | 103.39 | NOTE | |||
r-devel-linux-x86_64-fedora-gcc | 2.0.0 | 103.30 | NOTE | |||
r-devel-windows-x86_64 | 2.0.0 | 15.00 | 87.00 | 102.00 | OK | |
r-patched-linux-x86_64 | 2.0.0 | 14.74 | 64.78 | 79.52 | OK | |
r-release-linux-x86_64 | 2.0.0 | 8.41 | 66.09 | 74.50 | OK | |
r-release-macos-arm64 | 2.0.0 | 33.00 | OK | |||
r-release-macos-x86_64 | 2.0.0 | 61.00 | OK | |||
r-release-windows-x86_64 | 2.0.0 | 13.00 | 86.00 | 99.00 | OK | |
r-oldrel-macos-arm64 | 2.0.0 | 35.00 | OK | |||
r-oldrel-macos-x86_64 | 2.0.0 | 55.00 | OK | |||
r-oldrel-windows-x86_64 | 2.0.0 | 17.00 | 94.00 | 111.00 | OK |
Version: 2.0.0
Check: data for non-ASCII characters
Result: NOTE
Note: found 92 marked UTF-8 strings
Flavors: r-devel-linux-x86_64-fedora-clang, r-devel-linux-x86_64-fedora-gcc