Last updated on 2024-07-01 03:48:59 CEST.
Flavor | Version | Tinstall | Tcheck | Ttotal | Status | Flags |
---|---|---|---|---|---|---|
r-devel-linux-x86_64-debian-clang | 1.0.0 | 25.47 | 40.01 | 65.48 | NOTE | |
r-devel-linux-x86_64-debian-gcc | 1.0.0 | 17.55 | 31.09 | 48.64 | NOTE | |
r-devel-linux-x86_64-fedora-clang | 1.0.0 | 89.85 | NOTE | |||
r-devel-linux-x86_64-fedora-gcc | 1.0.0 | 85.59 | NOTE | |||
r-devel-windows-x86_64 | 1.0.0 | 24.00 | 69.00 | 93.00 | NOTE | |
r-patched-linux-x86_64 | 1.0.0 | 22.87 | 39.03 | 61.90 | NOTE | |
r-release-linux-x86_64 | 1.0.0 | 21.99 | 39.28 | 61.27 | NOTE | |
r-release-macos-arm64 | 1.0.0 | 25.00 | NOTE | |||
r-release-macos-x86_64 | 1.0.0 | 36.00 | NOTE | |||
r-release-windows-x86_64 | 1.0.0 | 24.00 | 70.00 | 94.00 | NOTE | |
r-oldrel-macos-arm64 | 1.0.0 | 30.00 | NOTE | |||
r-oldrel-macos-x86_64 | 1.0.0 | 41.00 | NOTE | |||
r-oldrel-windows-x86_64 | 1.0.0 | 28.00 | 75.00 | 103.00 | NOTE |
Version: 1.0.0
Check: C++ specification
Result: NOTE
Specified C++11: please drop specification unless essential
Flavors: r-devel-linux-x86_64-debian-clang, r-devel-linux-x86_64-debian-gcc, r-devel-linux-x86_64-fedora-clang, r-devel-linux-x86_64-fedora-gcc, r-devel-windows-x86_64, r-patched-linux-x86_64, r-release-linux-x86_64, r-release-macos-arm64, r-release-macos-x86_64, r-release-windows-x86_64, r-oldrel-macos-arm64, r-oldrel-macos-x86_64, r-oldrel-windows-x86_64