Last updated on 2024-07-01 03:48:59 CEST.
Flavor | Version | Tinstall | Tcheck | Ttotal | Status | Flags |
---|---|---|---|---|---|---|
r-devel-linux-x86_64-debian-clang | 1.0.6 | 586.42 | 234.33 | 820.75 | NOTE | |
r-devel-linux-x86_64-debian-gcc | 1.0.6 | 526.71 | 212.41 | 739.12 | NOTE | |
r-devel-linux-x86_64-fedora-clang | 1.0.6 | 1028.47 | NOTE | |||
r-devel-linux-x86_64-fedora-gcc | 1.0.6 | 1496.44 | NOTE | |||
r-devel-windows-x86_64 | 1.0.6 | 460.00 | 227.00 | 687.00 | NOTE | |
r-patched-linux-x86_64 | 1.0.6 | 519.03 | 276.54 | 795.57 | NOTE | |
r-release-linux-x86_64 | 1.0.6 | 493.26 | 278.01 | 771.27 | NOTE | |
r-release-macos-arm64 | 1.0.6 | 242.00 | NOTE | |||
r-release-macos-x86_64 | 1.0.6 | 256.00 | NOTE | |||
r-release-windows-x86_64 | 1.0.6 | 470.00 | 224.00 | 694.00 | NOTE | |
r-oldrel-macos-arm64 | 1.0.6 | 231.00 | NOTE | |||
r-oldrel-macos-x86_64 | 1.0.6 | 290.00 | NOTE | |||
r-oldrel-windows-x86_64 | 1.0.6 | 610.00 | 273.00 | 883.00 | NOTE |
Version: 1.0.6
Check: for GNU extensions in Makefiles
Result: NOTE
GNU make is a SystemRequirements.
Flavors: r-devel-linux-x86_64-debian-clang, r-devel-linux-x86_64-debian-gcc, r-devel-linux-x86_64-fedora-clang, r-devel-linux-x86_64-fedora-gcc, r-devel-windows-x86_64, r-patched-linux-x86_64, r-release-linux-x86_64, r-release-macos-arm64, r-release-macos-x86_64, r-release-windows-x86_64, r-oldrel-macos-arm64, r-oldrel-macos-x86_64, r-oldrel-windows-x86_64
Version: 1.0.6
Check: installed package size
Result: NOTE
installed size is 6.2Mb
sub-directories of 1Mb or more:
libs 4.9Mb
Flavors: r-devel-linux-x86_64-fedora-clang, r-devel-windows-x86_64, r-release-macos-arm64, r-release-macos-x86_64, r-release-windows-x86_64, r-oldrel-macos-arm64, r-oldrel-macos-x86_64, r-oldrel-windows-x86_64