Last updated on 2024-07-01 03:48:59 CEST.
Flavor | Version | Tinstall | Tcheck | Ttotal | Status | Flags |
---|---|---|---|---|---|---|
r-devel-linux-x86_64-debian-clang | 1.1.0 | 11.62 | 56.26 | 67.88 | OK | |
r-devel-linux-x86_64-debian-gcc | 1.1.0 | 10.15 | 42.95 | 53.10 | OK | |
r-devel-linux-x86_64-fedora-clang | 1.1.0 | 87.26 | OK | |||
r-devel-linux-x86_64-fedora-gcc | 1.1.0 | 100.40 | OK | |||
r-devel-windows-x86_64 | 1.1.0 | 13.00 | 66.00 | 79.00 | OK | |
r-patched-linux-x86_64 | 1.1.0 | 11.09 | 52.89 | 63.98 | OK | |
r-release-linux-x86_64 | 1.1.0 | 11.52 | 53.91 | 65.43 | OK | |
r-release-macos-arm64 | 1.1.0 | 39.00 | OK | |||
r-release-macos-x86_64 | 1.1.0 | 59.00 | OK | |||
r-release-windows-x86_64 | 1.1.0 | 14.00 | 67.00 | 81.00 | OK | |
r-oldrel-macos-arm64 | 1.1.0 | 41.00 | NOTE | |||
r-oldrel-macos-x86_64 | 1.1.0 | 63.00 | OK | |||
r-oldrel-windows-x86_64 | 1.1.0 | 20.00 | 73.00 | 93.00 | OK |
Version: 1.1.0
Check: installed package size
Result: NOTE
installed size is 5.2Mb
sub-directories of 1Mb or more:
data 4.9Mb
Flavor: r-oldrel-macos-arm64