Last updated on 2024-07-01 03:48:59 CEST.
Flavor | Version | Tinstall | Tcheck | Ttotal | Status | Flags |
---|---|---|---|---|---|---|
r-devel-linux-x86_64-debian-clang | 0.3.9 | 97.87 | 38.69 | 136.56 | NOTE | |
r-devel-linux-x86_64-debian-gcc | 0.3.9 | 70.21 | 30.67 | 100.88 | NOTE | |
r-devel-linux-x86_64-fedora-clang | 0.3.9 | 202.54 | NOTE | |||
r-devel-linux-x86_64-fedora-gcc | 0.3.9 | 221.21 | NOTE | |||
r-devel-windows-x86_64 | 0.3.9 | 77.00 | 81.00 | 158.00 | NOTE | |
r-patched-linux-x86_64 | 0.3.9 | 83.60 | 37.82 | 121.42 | NOTE | |
r-release-linux-x86_64 | 0.3.9 | 87.65 | 39.08 | 126.73 | NOTE | |
r-release-macos-arm64 | 0.3.9 | 41.00 | NOTE | |||
r-release-macos-x86_64 | 0.3.9 | 52.00 | NOTE | |||
r-release-windows-x86_64 | 0.3.9 | 78.00 | 81.00 | 159.00 | NOTE | |
r-oldrel-macos-arm64 | 0.3.9 | 51.00 | NOTE | |||
r-oldrel-macos-x86_64 | 0.3.9 | 140.00 | NOTE | |||
r-oldrel-windows-x86_64 | 0.3.9 | 80.00 | 94.00 | 174.00 | OK |
Version: 0.3.9
Check: Rd files
Result: NOTE
checkRd: (-1) colour_values.Rd:143: Lost braces in \itemize; meant \describe ?
checkRd: (-1) colour_values.Rd:144: Lost braces in \itemize; meant \describe ?
checkRd: (-1) colour_values_rgb.Rd:143: Lost braces in \itemize; meant \describe ?
checkRd: (-1) colour_values_rgb.Rd:144: Lost braces in \itemize; meant \describe ?
Flavors: r-devel-linux-x86_64-debian-clang, r-devel-linux-x86_64-debian-gcc, r-devel-linux-x86_64-fedora-clang, r-devel-linux-x86_64-fedora-gcc, r-devel-windows-x86_64, r-patched-linux-x86_64, r-release-linux-x86_64, r-release-macos-arm64, r-release-macos-x86_64, r-release-windows-x86_64
Version: 0.3.9
Check: installed package size
Result: NOTE
installed size is 6.7Mb
sub-directories of 1Mb or more:
libs 5.4Mb
Flavors: r-release-macos-arm64, r-release-macos-x86_64, r-oldrel-macos-arm64, r-oldrel-macos-x86_64