Last updated on 2024-07-01 03:48:59 CEST.
Flavor | Version | Tinstall | Tcheck | Ttotal | Status | Flags |
---|---|---|---|---|---|---|
r-devel-linux-x86_64-debian-clang | 2.2-0 | 11.19 | 67.68 | 78.87 | OK | |
r-devel-linux-x86_64-debian-gcc | 2.2-0 | 6.89 | 49.51 | 56.40 | OK | |
r-devel-linux-x86_64-fedora-clang | 2.2-0 | 96.57 | NOTE | |||
r-devel-linux-x86_64-fedora-gcc | 2.2-0 | 98.91 | NOTE | |||
r-devel-windows-x86_64 | 2.2-0 | 10.00 | 65.00 | 75.00 | OK | |
r-patched-linux-x86_64 | 2.2-0 | 8.16 | 63.72 | 71.88 | OK | |
r-release-linux-x86_64 | 2.2-0 | 9.79 | 63.57 | 73.36 | OK | |
r-release-macos-arm64 | 2.2-0 | 33.00 | OK | |||
r-release-macos-x86_64 | 2.2-0 | 51.00 | OK | |||
r-release-windows-x86_64 | 2.2-0 | 11.00 | 66.00 | 77.00 | OK | |
r-oldrel-macos-arm64 | 2.2-0 | 36.00 | OK | |||
r-oldrel-macos-x86_64 | 2.2-0 | 54.00 | OK | |||
r-oldrel-windows-x86_64 | 2.2-0 | 14.00 | 75.00 | 89.00 | OK |
Version: 2.2-0
Check: compiled code
Result: NOTE
File ‘coenoflex/libs/coenoflex.so’:
Found no calls to: ‘R_registerRoutines’, ‘R_useDynamicSymbols’
It is good practice to register native routines and to disable symbol
search.
See ‘Writing portable packages’ in the ‘Writing R Extensions’ manual.
Flavors: r-devel-linux-x86_64-fedora-clang, r-devel-linux-x86_64-fedora-gcc