Last updated on 2024-07-02 15:50:36 CEST.
Flavor | Version | Tinstall | Tcheck | Ttotal | Status | Flags |
---|---|---|---|---|---|---|
r-devel-linux-x86_64-debian-clang | 0.1.3 | 3.36 | 27.19 | 30.55 | OK | |
r-devel-linux-x86_64-debian-gcc | 0.1.3 | 2.49 | 20.57 | 23.06 | OK | |
r-devel-linux-x86_64-fedora-clang | 0.1.3 | 38.00 | NOTE | |||
r-devel-linux-x86_64-fedora-gcc | 0.1.3 | 35.92 | NOTE | |||
r-devel-windows-x86_64 | 0.1.3 | 5.00 | 44.00 | 49.00 | OK | |
r-patched-linux-x86_64 | 0.1.3 | 2.71 | 25.39 | 28.10 | OK | |
r-release-linux-x86_64 | 0.1.3 | 3.27 | 26.19 | 29.46 | OK | |
r-release-macos-arm64 | 0.1.3 | 18.00 | OK | |||
r-release-macos-x86_64 | 0.1.3 | 24.00 | OK | |||
r-release-windows-x86_64 | 0.1.3 | 6.00 | 44.00 | 50.00 | OK | |
r-oldrel-macos-arm64 | 0.1.3 | 20.00 | OK | |||
r-oldrel-macos-x86_64 | 0.1.3 | 23.00 | OK | |||
r-oldrel-windows-x86_64 | 0.1.3 | 5.00 | 48.00 | 53.00 | OK |
Version: 0.1.3
Check: data for non-ASCII characters
Result: NOTE
Note: found 30244 marked UTF-8 strings
Flavors: r-devel-linux-x86_64-fedora-clang, r-devel-linux-x86_64-fedora-gcc