Last updated on 2024-07-01 03:48:59 CEST.
Flavor | Version | Tinstall | Tcheck | Ttotal | Status | Flags |
---|---|---|---|---|---|---|
r-devel-linux-x86_64-debian-clang | 0.7.2 | 194.51 | 128.34 | 322.85 | NOTE | |
r-devel-linux-x86_64-debian-gcc | 0.7.2 | 129.11 | 92.67 | 221.78 | NOTE | |
r-devel-linux-x86_64-fedora-clang | 0.7.2 | 479.79 | NOTE | |||
r-devel-linux-x86_64-fedora-gcc | 0.7.2 | 488.46 | NOTE | |||
r-devel-windows-x86_64 | 0.7.2 | 147.00 | 140.00 | 287.00 | NOTE | |
r-patched-linux-x86_64 | 0.7.2 | 159.59 | 121.91 | 281.50 | NOTE | |
r-release-linux-x86_64 | 0.7.2 | 147.89 | 122.27 | 270.16 | NOTE | |
r-release-macos-arm64 | 0.7.2 | 104.00 | NOTE | |||
r-release-macos-x86_64 | 0.7.2 | 124.00 | NOTE | |||
r-release-windows-x86_64 | 0.7.2 | 146.00 | 143.00 | 289.00 | NOTE | |
r-oldrel-macos-arm64 | 0.7.2 | 110.00 | NOTE | |||
r-oldrel-macos-x86_64 | 0.7.2 | 200.00 | NOTE | |||
r-oldrel-windows-x86_64 | 0.7.2 | 178.00 | 178.00 | 356.00 | NOTE |
Version: 0.7.2
Check: package dependencies
Result: NOTE
Package suggested but not available for checking: ‘PopGenome’
Flavors: r-devel-linux-x86_64-debian-clang, r-devel-linux-x86_64-debian-gcc, r-devel-linux-x86_64-fedora-clang, r-devel-linux-x86_64-fedora-gcc, r-devel-windows-x86_64, r-patched-linux-x86_64, r-release-linux-x86_64, r-release-macos-arm64, r-release-macos-x86_64, r-release-windows-x86_64, r-oldrel-macos-arm64, r-oldrel-macos-x86_64, r-oldrel-windows-x86_64
Version: 0.7.2
Check: installed package size
Result: NOTE
installed size is 6.3Mb
sub-directories of 1Mb or more:
R 2.0Mb
libs 3.6Mb
Flavors: r-release-macos-arm64, r-release-macos-x86_64, r-oldrel-macos-arm64, r-oldrel-macos-x86_64