Last updated on 2024-07-01 03:48:59 CEST.
Flavor | Version | Tinstall | Tcheck | Ttotal | Status | Flags |
---|---|---|---|---|---|---|
r-devel-linux-x86_64-debian-clang | 2.2-12 | 11.03 | 70.17 | 81.20 | OK | |
r-devel-linux-x86_64-debian-gcc | 2.2-12 | 7.79 | 53.69 | 61.48 | OK | |
r-devel-linux-x86_64-fedora-clang | 2.2-12 | 105.70 | NOTE | |||
r-devel-linux-x86_64-fedora-gcc | 2.2-12 | 103.22 | NOTE | |||
r-devel-windows-x86_64 | 2.2-12 | 12.00 | 69.00 | 81.00 | OK | |
r-patched-linux-x86_64 | 2.2-12 | 9.85 | 67.16 | 77.01 | OK | |
r-release-linux-x86_64 | 2.2-12 | 9.94 | 66.26 | 76.20 | OK | |
r-release-macos-arm64 | 2.2-12 | 35.00 | OK | |||
r-release-macos-x86_64 | 2.2-12 | 47.00 | OK | |||
r-release-windows-x86_64 | 2.2-12 | 14.00 | 70.00 | 84.00 | OK | |
r-oldrel-macos-arm64 | 2.2-12 | 53.00 | OK | |||
r-oldrel-macos-x86_64 | 2.2-12 | 132.00 | OK | |||
r-oldrel-windows-x86_64 | 2.2-12 | 15.00 | 81.00 | 96.00 | OK |
Version: 2.2-12
Check: compiled code
Result: NOTE
File ‘cmprsk/libs/cmprsk.so’:
Found no calls to: ‘R_registerRoutines’, ‘R_useDynamicSymbols’
It is good practice to register native routines and to disable symbol
search.
See ‘Writing portable packages’ in the ‘Writing R Extensions’ manual.
Flavors: r-devel-linux-x86_64-fedora-clang, r-devel-linux-x86_64-fedora-gcc