Last updated on 2024-07-01 03:48:59 CEST.
Flavor | Version | Tinstall | Tcheck | Ttotal | Status | Flags |
---|---|---|---|---|---|---|
r-devel-linux-x86_64-debian-clang | 0.1.3 | 8.85 | 115.15 | 124.00 | OK | |
r-devel-linux-x86_64-debian-gcc | 0.1.3 | 8.74 | 82.78 | 91.52 | OK | |
r-devel-linux-x86_64-fedora-clang | 0.1.3 | 153.26 | NOTE | |||
r-devel-linux-x86_64-fedora-gcc | 0.1.3 | 168.39 | NOTE | |||
r-devel-windows-x86_64 | 0.1.3 | 10.00 | 101.00 | 111.00 | OK | |
r-patched-linux-x86_64 | 0.1.3 | 10.04 | 107.17 | 117.21 | OK | |
r-release-linux-x86_64 | 0.1.3 | 11.07 | 108.04 | 119.11 | OK | |
r-release-macos-arm64 | 0.1.3 | 48.00 | OK | |||
r-release-macos-x86_64 | 0.1.3 | 77.00 | OK | |||
r-release-windows-x86_64 | 0.1.3 | 11.00 | 99.00 | 110.00 | OK | |
r-oldrel-macos-arm64 | 0.1.3 | 47.00 | OK | |||
r-oldrel-macos-x86_64 | 0.1.3 | 123.00 | OK | |||
r-oldrel-windows-x86_64 | 0.1.3 | 15.00 | 119.00 | 134.00 | OK |
Version: 0.1.3
Check: dependencies in R code
Result: NOTE
Namespace in Imports field not imported from: ‘MPV’
All declared Imports should be used.
Flavors: r-devel-linux-x86_64-fedora-clang, r-devel-linux-x86_64-fedora-gcc