Last updated on 2024-07-01 03:48:59 CEST.
Flavor | Version | Tinstall | Tcheck | Ttotal | Status | Flags |
---|---|---|---|---|---|---|
r-devel-linux-x86_64-debian-clang | 1.1.1 | 87.21 | 429.25 | 516.46 | OK | |
r-devel-linux-x86_64-debian-gcc | 1.1.1 | 59.84 | 397.10 | 456.94 | OK | |
r-devel-linux-x86_64-fedora-clang | 1.1.1 | 677.58 | OK | |||
r-devel-linux-x86_64-fedora-gcc | 1.1.1 | 668.54 | OK | |||
r-devel-windows-x86_64 | 1.1.1 | 70.00 | 298.00 | 368.00 | OK | |
r-patched-linux-x86_64 | 1.1.1 | 77.64 | 435.14 | 512.78 | OK | |
r-release-linux-x86_64 | 1.1.1 | 74.25 | 439.31 | 513.56 | OK | |
r-release-macos-arm64 | 1.1.1 | 144.00 | NOTE | |||
r-release-macos-x86_64 | 1.1.1 | 303.00 | NOTE | |||
r-release-windows-x86_64 | 1.1.1 | 67.00 | 306.00 | 373.00 | OK | |
r-oldrel-macos-arm64 | 1.1.1 | 205.00 | NOTE | |||
r-oldrel-macos-x86_64 | 1.1.1 | 327.00 | NOTE | |||
r-oldrel-windows-x86_64 | 1.1.1 | 86.00 | 389.00 | 475.00 | OK |
Version: 1.1.1
Check: installed package size
Result: NOTE
installed size is 5.1Mb
sub-directories of 1Mb or more:
libs 4.2Mb
Flavors: r-release-macos-arm64, r-release-macos-x86_64, r-oldrel-macos-arm64, r-oldrel-macos-x86_64