Last updated on 2024-07-01 03:48:59 CEST.
Flavor | Version | Tinstall | Tcheck | Ttotal | Status | Flags |
---|---|---|---|---|---|---|
r-devel-linux-x86_64-debian-clang | 0.3-65 | 11.46 | 89.62 | 101.08 | OK | |
r-devel-linux-x86_64-debian-gcc | 0.3-65 | 7.35 | 65.63 | 72.98 | OK | |
r-devel-linux-x86_64-fedora-clang | 0.3-65 | 125.97 | NOTE | |||
r-devel-linux-x86_64-fedora-gcc | 0.3-65 | 135.53 | OK | |||
r-devel-windows-x86_64 | 0.3-65 | 14.00 | 111.00 | 125.00 | OK | |
r-patched-linux-x86_64 | 0.3-65 | 11.57 | 86.62 | 98.19 | OK | |
r-release-linux-x86_64 | 0.3-65 | 9.26 | 85.69 | 94.95 | OK | |
r-release-macos-arm64 | 0.3-65 | 39.00 | OK | |||
r-release-macos-x86_64 | 0.3-65 | 68.00 | OK | |||
r-release-windows-x86_64 | 0.3-65 | 14.00 | 112.00 | 126.00 | OK | |
r-oldrel-macos-arm64 | 0.3-65 | 63.00 | OK | |||
r-oldrel-macos-x86_64 | 0.3-65 | 154.00 | OK | |||
r-oldrel-windows-x86_64 | 0.3-65 | 19.00 | 116.00 | 135.00 | OK |
Version: 0.3-65
Check: Rd cross-references
Result: NOTE
Undeclared packages ‘mlbench’, ‘fpc’ in Rd xrefs
Flavor: r-devel-linux-x86_64-fedora-clang