Last updated on 2024-07-01 03:48:59 CEST.
Flavor | Version | Tinstall | Tcheck | Ttotal | Status | Flags |
---|---|---|---|---|---|---|
r-devel-linux-x86_64-debian-clang | 0.0.4 | 10.72 | 103.73 | 114.45 | OK | |
r-devel-linux-x86_64-debian-gcc | 0.0.4 | 9.11 | 75.35 | 84.46 | OK | |
r-devel-linux-x86_64-fedora-clang | 0.0.4 | 146.45 | NOTE | |||
r-devel-linux-x86_64-fedora-gcc | 0.0.4 | 143.24 | NOTE | |||
r-devel-windows-x86_64 | 0.0.4 | 11.00 | 87.00 | 98.00 | OK | |
r-patched-linux-x86_64 | 0.0.4 | 7.92 | 96.26 | 104.18 | OK | |
r-release-linux-x86_64 | 0.0.4 | 9.69 | 95.89 | 105.58 | OK | |
r-release-macos-arm64 | 0.0.4 | 41.00 | OK | |||
r-release-macos-x86_64 | 0.0.4 | 63.00 | OK | |||
r-release-windows-x86_64 | 0.0.4 | 11.00 | 85.00 | 96.00 | OK | |
r-oldrel-macos-arm64 | 0.0.4 | 44.00 | OK | |||
r-oldrel-macos-x86_64 | 0.0.4 | 69.00 | OK | |||
r-oldrel-windows-x86_64 | 0.0.4 | 15.00 | 104.00 | 119.00 | OK |
Version: 0.0.4
Check: dependencies in R code
Result: NOTE
Namespace in Imports field not imported from: ‘networkD3’
All declared Imports should be used.
Flavors: r-devel-linux-x86_64-fedora-clang, r-devel-linux-x86_64-fedora-gcc