Last updated on 2024-07-01 03:48:59 CEST.
Flavor | Version | Tinstall | Tcheck | Ttotal | Status | Flags |
---|---|---|---|---|---|---|
r-devel-linux-x86_64-debian-clang | 0.6.1 | 11.41 | 345.91 | 357.32 | NOTE | |
r-devel-linux-x86_64-debian-gcc | 0.6.1 | 12.28 | 249.53 | 261.81 | NOTE | |
r-devel-linux-x86_64-fedora-clang | 0.6.1 | 442.70 | NOTE | |||
r-devel-linux-x86_64-fedora-gcc | 0.6.1 | 448.55 | NOTE | |||
r-devel-windows-x86_64 | 0.6.1 | 13.00 | 224.00 | 237.00 | NOTE | |
r-patched-linux-x86_64 | 0.6.1 | 14.07 | 326.11 | 340.18 | NOTE | |
r-release-linux-x86_64 | 0.6.1 | 12.35 | 326.53 | 338.88 | NOTE | |
r-release-macos-arm64 | 0.6.1 | 119.00 | NOTE | |||
r-release-macos-x86_64 | 0.6.1 | 169.00 | NOTE | |||
r-release-windows-x86_64 | 0.6.1 | 15.00 | 227.00 | 242.00 | NOTE | |
r-oldrel-macos-arm64 | 0.6.1 | 129.00 | NOTE | |||
r-oldrel-macos-x86_64 | 0.6.1 | 213.00 | NOTE | |||
r-oldrel-windows-x86_64 | 0.6.1 | 18.00 | 286.00 | 304.00 | NOTE |
Version: 0.6.1
Check: LazyData
Result: NOTE
'LazyData' is specified without a 'data' directory
Flavors: r-devel-linux-x86_64-debian-clang, r-devel-linux-x86_64-debian-gcc, r-devel-linux-x86_64-fedora-clang, r-devel-linux-x86_64-fedora-gcc, r-devel-windows-x86_64, r-patched-linux-x86_64, r-release-linux-x86_64, r-release-macos-arm64, r-release-macos-x86_64, r-release-windows-x86_64, r-oldrel-macos-arm64, r-oldrel-macos-x86_64, r-oldrel-windows-x86_64