Last updated on 2024-07-01 03:48:59 CEST.
Flavor | Version | Tinstall | Tcheck | Ttotal | Status | Flags |
---|---|---|---|---|---|---|
r-devel-linux-x86_64-debian-clang | 0.3 | 6.82 | 74.56 | 81.38 | OK | |
r-devel-linux-x86_64-debian-gcc | 0.3 | 4.74 | 55.59 | 60.33 | OK | |
r-devel-linux-x86_64-fedora-clang | 0.3 | 100.89 | NOTE | |||
r-devel-linux-x86_64-fedora-gcc | 0.3 | 107.96 | NOTE | |||
r-devel-windows-x86_64 | 0.3 | 8.00 | 81.00 | 89.00 | OK | |
r-patched-linux-x86_64 | 0.3 | 7.30 | 70.30 | 77.60 | OK | |
r-release-linux-x86_64 | 0.3 | 4.91 | 70.44 | 75.35 | OK | |
r-release-macos-arm64 | 0.3 | 42.00 | OK | |||
r-release-macos-x86_64 | 0.3 | 55.00 | OK | |||
r-release-windows-x86_64 | 0.3 | 7.00 | 81.00 | 88.00 | OK | |
r-oldrel-macos-arm64 | 0.3 | 37.00 | OK | |||
r-oldrel-macos-x86_64 | 0.3 | 50.00 | OK | |||
r-oldrel-windows-x86_64 | 0.3 | 9.00 | 90.00 | 99.00 | OK |
Version: 0.3
Check: dependencies in R code
Result: NOTE
Namespaces in Imports field not imported from:
‘DT’ ‘dplyr’ ‘prettydoc’ ‘rmdformats’ ‘skimr’
All declared Imports should be used.
Flavors: r-devel-linux-x86_64-fedora-clang, r-devel-linux-x86_64-fedora-gcc