Last updated on 2024-07-01 03:48:59 CEST.
Flavor | Version | Tinstall | Tcheck | Ttotal | Status | Flags |
---|---|---|---|---|---|---|
r-devel-linux-x86_64-debian-clang | 4.1.1 | 4.59 | 50.59 | 55.18 | OK | |
r-devel-linux-x86_64-debian-gcc | 4.1.1 | 4.33 | 39.43 | 43.76 | OK | |
r-devel-linux-x86_64-fedora-clang | 4.1.1 | 73.29 | NOTE | |||
r-devel-linux-x86_64-fedora-gcc | 4.1.1 | 84.33 | NOTE | |||
r-devel-windows-x86_64 | 4.1.1 | 5.00 | 64.00 | 69.00 | OK | |
r-patched-linux-x86_64 | 4.1.1 | 5.25 | 49.67 | 54.92 | OK | |
r-release-linux-x86_64 | 4.1.1 | 3.67 | 48.76 | 52.43 | OK | |
r-release-macos-arm64 | 4.1.1 | 30.00 | OK | |||
r-release-macos-x86_64 | 4.1.1 | 48.00 | OK | |||
r-release-windows-x86_64 | 4.1.1 | 7.00 | 63.00 | 70.00 | OK | |
r-oldrel-macos-arm64 | 4.1.1 | 32.00 | OK | |||
r-oldrel-macos-x86_64 | 4.1.1 | 44.00 | OK | |||
r-oldrel-windows-x86_64 | 4.1.1 | 8.00 | 66.00 | 74.00 | OK |
Version: 4.1.1
Check: dependencies in R code
Result: NOTE
Namespace in Imports field not imported from: ‘htmltools’
All declared Imports should be used.
Flavors: r-devel-linux-x86_64-fedora-clang, r-devel-linux-x86_64-fedora-gcc