Last updated on 2024-07-01 03:48:59 CEST.
Flavor | Version | Tinstall | Tcheck | Ttotal | Status | Flags |
---|---|---|---|---|---|---|
r-devel-linux-x86_64-debian-clang | 3.7.3 | 19.94 | 121.73 | 141.67 | OK | |
r-devel-linux-x86_64-debian-gcc | 3.7.3 | 18.06 | 91.65 | 109.71 | OK | |
r-devel-linux-x86_64-fedora-clang | 3.7.3 | 178.65 | NOTE | |||
r-devel-linux-x86_64-fedora-gcc | 3.7.3 | 173.85 | NOTE | |||
r-devel-windows-x86_64 | 3.7.3 | 17.00 | 109.00 | 126.00 | OK | |
r-patched-linux-x86_64 | 3.7.3 | 18.75 | 115.87 | 134.62 | OK | |
r-release-linux-x86_64 | 3.7.3 | 12.62 | 114.54 | 127.16 | OK | |
r-release-macos-arm64 | 3.7.3 | 45.00 | OK | |||
r-release-macos-x86_64 | 3.7.3 | 92.00 | OK | |||
r-release-windows-x86_64 | 3.7.3 | 20.00 | 112.00 | 132.00 | OK | |
r-oldrel-macos-arm64 | 3.7.3 | 55.00 | OK | |||
r-oldrel-macos-x86_64 | 3.7.3 | 99.00 | OK | |||
r-oldrel-windows-x86_64 | 3.7.3 | 27.00 | 131.00 | 158.00 | OK |
Version: 3.7.3
Check: data for non-ASCII characters
Result: NOTE
Note: found 10 marked UTF-8 strings
Flavors: r-devel-linux-x86_64-fedora-clang, r-devel-linux-x86_64-fedora-gcc