Last updated on 2024-07-01 03:48:59 CEST.
Flavor | Version | Tinstall | Tcheck | Ttotal | Status | Flags |
---|---|---|---|---|---|---|
r-devel-linux-x86_64-debian-clang | 1.2-2 | 7.67 | 60.47 | 68.14 | OK | |
r-devel-linux-x86_64-debian-gcc | 1.2-2 | 6.36 | 46.23 | 52.59 | OK | |
r-devel-linux-x86_64-fedora-clang | 1.2-2 | 84.80 | NOTE | |||
r-devel-linux-x86_64-fedora-gcc | 1.2-2 | 83.28 | OK | |||
r-devel-windows-x86_64 | 1.2-2 | 9.00 | 59.00 | 68.00 | OK | |
r-patched-linux-x86_64 | 1.2-2 | 6.97 | 56.24 | 63.21 | OK | |
r-release-linux-x86_64 | 1.2-2 | 6.56 | 56.07 | 62.63 | OK | |
r-release-macos-arm64 | 1.2-2 | 28.00 | OK | |||
r-release-macos-x86_64 | 1.2-2 | 43.00 | OK | |||
r-release-windows-x86_64 | 1.2-2 | 10.00 | 60.00 | 70.00 | OK | |
r-oldrel-macos-arm64 | 1.2-2 | 30.00 | OK | |||
r-oldrel-macos-x86_64 | 1.2-2 | 63.00 | OK | |||
r-oldrel-windows-x86_64 | 1.2-2 | 9.00 | 68.00 | 77.00 | OK |
Version: 1.2-2
Check: Rd cross-references
Result: NOTE
Undeclared package ‘vegan’ in Rd xrefs
Flavor: r-devel-linux-x86_64-fedora-clang