Last updated on 2024-07-01 03:48:59 CEST.
Flavor | Version | Tinstall | Tcheck | Ttotal | Status | Flags |
---|---|---|---|---|---|---|
r-devel-linux-x86_64-debian-clang | 1.2.0 | 6.48 | 431.77 | 438.25 | OK | |
r-devel-linux-x86_64-debian-gcc | 1.2.0 | 4.81 | 289.93 | 294.74 | OK | |
r-devel-linux-x86_64-fedora-clang | 1.2.0 | 515.15 | NOTE | |||
r-devel-linux-x86_64-fedora-gcc | 1.2.0 | 512.54 | OK | |||
r-devel-windows-x86_64 | 1.2.0 | 6.00 | 291.00 | 297.00 | OK | |
r-patched-linux-x86_64 | 1.2.0 | 8.68 | 405.12 | 413.80 | OK | |
r-release-linux-x86_64 | 1.2.0 | 5.08 | 403.50 | 408.58 | OK | |
r-release-macos-arm64 | 1.2.0 | 130.00 | OK | |||
r-release-macos-x86_64 | 1.2.0 | 236.00 | OK | |||
r-release-windows-x86_64 | 1.2.0 | 6.00 | 285.00 | 291.00 | OK | |
r-oldrel-macos-arm64 | 1.2.0 | 163.00 | OK | |||
r-oldrel-macos-x86_64 | 1.2.0 | 439.00 | OK | |||
r-oldrel-windows-x86_64 | 1.2.0 | 6.00 | 365.00 | 371.00 | OK |
Version: 1.2.0
Check: installed package size
Result: NOTE
installed size is 5.0Mb
sub-directories of 1Mb or more:
doc 3.6Mb
Flavor: r-devel-linux-x86_64-fedora-clang