Last updated on 2024-07-01 03:48:59 CEST.
Flavor | Version | Tinstall | Tcheck | Ttotal | Status | Flags |
---|---|---|---|---|---|---|
r-devel-linux-x86_64-debian-clang | 1.0.0 | 4.06 | 53.93 | 57.99 | OK | |
r-devel-linux-x86_64-debian-gcc | 1.0.0 | 3.91 | 40.32 | 44.23 | OK | |
r-devel-linux-x86_64-fedora-clang | 1.0.0 | 74.27 | NOTE | |||
r-devel-linux-x86_64-fedora-gcc | 1.0.0 | 85.72 | NOTE | |||
r-devel-windows-x86_64 | 1.0.0 | 6.00 | 75.00 | 81.00 | OK | |
r-patched-linux-x86_64 | 1.0.0 | 5.46 | 50.97 | 56.43 | OK | |
r-release-linux-x86_64 | 1.0.0 | 3.26 | 50.06 | 53.32 | OK | |
r-release-macos-arm64 | 1.0.0 | 31.00 | OK | |||
r-release-macos-x86_64 | 1.0.0 | 48.00 | OK | |||
r-release-windows-x86_64 | 1.0.0 | 6.00 | 74.00 | 80.00 | OK | |
r-oldrel-macos-arm64 | 1.0.0 | 34.00 | OK | |||
r-oldrel-macos-x86_64 | 1.0.0 | 45.00 | OK | |||
r-oldrel-windows-x86_64 | 1.0.0 | 7.00 | 77.00 | 84.00 | OK |
Version: 1.0.0
Check: dependencies in R code
Result: NOTE
Namespaces in Imports field not imported from:
‘base’ ‘stats’ ‘tidyr’
All declared Imports should be used.
Flavors: r-devel-linux-x86_64-fedora-clang, r-devel-linux-x86_64-fedora-gcc