Last updated on 2024-07-01 03:48:59 CEST.
Flavor | Version | Tinstall | Tcheck | Ttotal | Status | Flags |
---|---|---|---|---|---|---|
r-devel-linux-x86_64-debian-clang | 2.0.3 | 48.13 | 86.51 | 134.64 | NOTE | |
r-devel-linux-x86_64-debian-gcc | 2.0.3 | 31.00 | 65.38 | 96.38 | NOTE | |
r-devel-linux-x86_64-fedora-clang | 2.0.3 | 180.83 | NOTE | |||
r-devel-linux-x86_64-fedora-gcc | 2.0.3 | 177.95 | NOTE | |||
r-devel-windows-x86_64 | 2.0.3 | 37.00 | 101.00 | 138.00 | NOTE | |
r-patched-linux-x86_64 | 2.0.3 | 36.24 | 81.46 | 117.70 | NOTE | |
r-release-linux-x86_64 | 2.0.3 | 41.31 | 83.70 | 125.01 | NOTE | |
r-release-macos-arm64 | 2.0.3 | 49.00 | NOTE | |||
r-release-macos-x86_64 | 2.0.3 | 83.00 | NOTE | |||
r-release-windows-x86_64 | 2.0.3 | 36.00 | 101.00 | 137.00 | NOTE | |
r-oldrel-macos-arm64 | 2.0.3 | 57.00 | NOTE | |||
r-oldrel-macos-x86_64 | 2.0.3 | 89.00 | NOTE | |||
r-oldrel-windows-x86_64 | 2.0.3 | 46.00 | 119.00 | 165.00 | NOTE |
Version: 2.0.3
Check: C++ specification
Result: NOTE
Specified C++11: please drop specification unless essential
Flavors: r-devel-linux-x86_64-debian-clang, r-devel-linux-x86_64-debian-gcc, r-devel-linux-x86_64-fedora-clang, r-devel-linux-x86_64-fedora-gcc, r-devel-windows-x86_64, r-patched-linux-x86_64, r-release-linux-x86_64, r-release-macos-arm64, r-release-macos-x86_64, r-release-windows-x86_64, r-oldrel-macos-arm64, r-oldrel-macos-x86_64, r-oldrel-windows-x86_64