Last updated on 2024-07-01 03:48:59 CEST.
Flavor | Version | Tinstall | Tcheck | Ttotal | Status | Flags |
---|---|---|---|---|---|---|
r-devel-linux-x86_64-debian-clang | 0.9.1 | 9.77 | 85.53 | 95.30 | NOTE | |
r-devel-linux-x86_64-debian-gcc | 0.9.1 | 7.37 | 61.82 | 69.19 | NOTE | |
r-devel-linux-x86_64-fedora-clang | 0.9.1 | 116.26 | NOTE | |||
r-devel-linux-x86_64-fedora-gcc | 0.9.1 | 109.70 | NOTE | |||
r-devel-windows-x86_64 | 0.9.1 | 10.00 | 80.00 | 90.00 | NOTE | |
r-patched-linux-x86_64 | 0.9.1 | 10.13 | 78.24 | 88.37 | NOTE | |
r-release-linux-x86_64 | 0.9.1 | 9.24 | 80.75 | 89.99 | NOTE | |
r-release-macos-arm64 | 0.9.1 | 34.00 | NOTE | |||
r-release-macos-x86_64 | 0.9.1 | 88.00 | NOTE | |||
r-release-windows-x86_64 | 0.9.1 | 10.00 | 80.00 | 90.00 | NOTE | |
r-oldrel-macos-arm64 | 0.9.1 | 37.00 | NOTE | |||
r-oldrel-macos-x86_64 | 0.9.1 | 55.00 | NOTE | |||
r-oldrel-windows-x86_64 | 0.9.1 | 12.00 | 94.00 | 106.00 | NOTE |
Version: 0.9.1
Check: Rd files
Result: NOTE
checkRd: (-1) tpcExample.Rd:30: Escaped LaTeX specials: \&
Flavors: r-devel-linux-x86_64-debian-clang, r-devel-linux-x86_64-debian-gcc, r-devel-linux-x86_64-fedora-clang, r-devel-linux-x86_64-fedora-gcc, r-devel-windows-x86_64, r-patched-linux-x86_64, r-release-linux-x86_64, r-release-macos-arm64, r-release-macos-x86_64, r-release-windows-x86_64, r-oldrel-macos-arm64, r-oldrel-macos-x86_64, r-oldrel-windows-x86_64
Version: 0.9.1
Check: Rd cross-references
Result: NOTE
Undeclared package ‘graph’ in Rd xrefs
Flavor: r-devel-linux-x86_64-fedora-clang