Last updated on 2024-07-01 03:48:59 CEST.
Flavor | Version | Tinstall | Tcheck | Ttotal | Status | Flags |
---|---|---|---|---|---|---|
r-devel-linux-x86_64-debian-clang | 0.2.3 | 55.22 | 191.35 | 246.57 | OK | |
r-devel-linux-x86_64-debian-gcc | 0.2.3 | 40.40 | 132.40 | 172.80 | OK | |
r-devel-linux-x86_64-fedora-clang | 0.2.3 | 299.68 | OK | |||
r-devel-linux-x86_64-fedora-gcc | 0.2.3 | 325.42 | OK | |||
r-devel-windows-x86_64 | 0.2.3 | 45.00 | 175.00 | 220.00 | OK | |
r-patched-linux-x86_64 | 0.2.3 | 46.00 | 185.98 | 231.98 | OK | |
r-release-linux-x86_64 | 0.2.3 | 35.89 | 178.38 | 214.27 | OK | |
r-release-macos-arm64 | 0.2.3 | 84.00 | NOTE | |||
r-release-macos-x86_64 | 0.2.3 | 138.00 | NOTE | |||
r-release-windows-x86_64 | 0.2.3 | 46.00 | 178.00 | 224.00 | OK | |
r-oldrel-macos-arm64 | 0.2.3 | 102.00 | NOTE | |||
r-oldrel-macos-x86_64 | 0.2.3 | 161.00 | NOTE | |||
r-oldrel-windows-x86_64 | 0.2.3 | 63.00 | 213.00 | 276.00 | OK |
Version: 0.2.3
Check: installed package size
Result: NOTE
installed size is 6.6Mb
sub-directories of 1Mb or more:
libs 6.3Mb
Flavors: r-release-macos-arm64, r-release-macos-x86_64, r-oldrel-macos-arm64, r-oldrel-macos-x86_64