Last updated on 2024-07-01 03:48:58 CEST.
Flavor | Version | Tinstall | Tcheck | Ttotal | Status | Flags |
---|---|---|---|---|---|---|
r-devel-linux-x86_64-debian-clang | 2.0.0 | 12.89 | 37.09 | 49.98 | OK | |
r-devel-linux-x86_64-debian-gcc | 2.0.0 | 11.55 | 27.81 | 39.36 | OK | |
r-devel-linux-x86_64-fedora-clang | 2.0.0 | 61.74 | NOTE | |||
r-devel-linux-x86_64-fedora-gcc | 2.0.0 | 60.35 | NOTE | |||
r-devel-windows-x86_64 | 2.0.0 | 15.00 | 57.00 | 72.00 | OK | |
r-patched-linux-x86_64 | 2.0.0 | 12.31 | 33.95 | 46.26 | OK | |
r-release-linux-x86_64 | 2.0.0 | 9.91 | 33.63 | 43.54 | OK | |
r-release-macos-arm64 | 2.0.0 | 29.00 | OK | |||
r-release-macos-x86_64 | 2.0.0 | 41.00 | OK | |||
r-release-windows-x86_64 | 2.0.0 | 14.00 | 56.00 | 70.00 | OK | |
r-oldrel-macos-arm64 | 2.0.0 | 32.00 | OK | |||
r-oldrel-macos-x86_64 | 2.0.0 | 69.00 | OK | |||
r-oldrel-windows-x86_64 | 2.0.0 | 17.00 | 61.00 | 78.00 | OK |
Version: 2.0.0
Check: dependencies in R code
Result: NOTE
Namespace in Imports field not imported from: ‘sf’
All declared Imports should be used.
Flavors: r-devel-linux-x86_64-fedora-clang, r-devel-linux-x86_64-fedora-gcc
Version: 2.0.0
Check: data for non-ASCII characters
Result: NOTE
Note: found 3061 marked UTF-8 strings
Flavors: r-devel-linux-x86_64-fedora-clang, r-devel-linux-x86_64-fedora-gcc