Last updated on 2024-07-01 03:48:58 CEST.
Flavor | Version | Tinstall | Tcheck | Ttotal | Status | Flags |
---|---|---|---|---|---|---|
r-devel-linux-x86_64-debian-clang | 0.2.2 | 11.61 | 101.76 | 113.37 | OK | |
r-devel-linux-x86_64-debian-gcc | 0.2.2 | 8.31 | 76.19 | 84.50 | OK | |
r-devel-linux-x86_64-fedora-clang | 0.2.2 | 144.35 | NOTE | |||
r-devel-linux-x86_64-fedora-gcc | 0.2.2 | 132.05 | NOTE | |||
r-devel-windows-x86_64 | 0.2.2 | 11.00 | 89.00 | 100.00 | OK | |
r-patched-linux-x86_64 | 0.2.2 | 10.44 | 97.33 | 107.77 | OK | |
r-release-linux-x86_64 | 0.2.2 | 7.48 | 97.60 | 105.08 | OK | |
r-release-macos-arm64 | 0.2.2 | 43.00 | OK | |||
r-release-macos-x86_64 | 0.2.2 | 136.00 | OK | |||
r-release-windows-x86_64 | 0.2.2 | 11.00 | 90.00 | 101.00 | OK | |
r-oldrel-macos-arm64 | 0.2.2 | 45.00 | OK | |||
r-oldrel-macos-x86_64 | 0.2.2 | 64.00 | OK | |||
r-oldrel-windows-x86_64 | 0.2.2 | 14.00 | 109.00 | 123.00 | OK |
Version: 0.2.2
Check: dependencies in R code
Result: NOTE
Namespace in Imports field not imported from: ‘markdown’
All declared Imports should be used.
Flavors: r-devel-linux-x86_64-fedora-clang, r-devel-linux-x86_64-fedora-gcc