Last updated on 2024-07-01 03:48:59 CEST.
Flavor | Version | Tinstall | Tcheck | Ttotal | Status | Flags |
---|---|---|---|---|---|---|
r-devel-linux-x86_64-debian-clang | 1.18.2 | 7.26 | 42.39 | 49.65 | NOTE | |
r-devel-linux-x86_64-debian-gcc | 1.18.2 | 5.04 | 31.14 | 36.18 | NOTE | |
r-devel-linux-x86_64-fedora-clang | 1.18.2 | 60.46 | NOTE | |||
r-devel-linux-x86_64-fedora-gcc | 1.18.2 | 60.03 | NOTE | |||
r-devel-windows-x86_64 | 1.18.2 | 9.00 | 57.00 | 66.00 | NOTE | |
r-patched-linux-x86_64 | 1.18.2 | 7.29 | 40.17 | 47.46 | NOTE | |
r-release-linux-x86_64 | 1.18.2 | 6.43 | 38.78 | 45.21 | NOTE | |
r-release-macos-arm64 | 1.18.2 | 20.00 | NOTE | |||
r-release-macos-x86_64 | 1.18.2 | 29.00 | NOTE | |||
r-release-windows-x86_64 | 1.18.2 | 12.00 | 58.00 | 70.00 | NOTE | |
r-oldrel-macos-arm64 | 1.18.2 | 26.00 | OK | |||
r-oldrel-macos-x86_64 | 1.18.2 | 41.00 | OK | |||
r-oldrel-windows-x86_64 | 1.18.2 | 11.00 | 62.00 | 73.00 | OK |
Version: 1.18.2
Check: Rd files
Result: NOTE
checkRd: (-1) colAUC.Rd:79: Lost braces
79 | Meteorol. Soc. textbf{30} 291-303.
| ^
Flavors: r-devel-linux-x86_64-debian-clang, r-devel-linux-x86_64-debian-gcc, r-devel-linux-x86_64-fedora-clang, r-devel-linux-x86_64-fedora-gcc, r-devel-windows-x86_64, r-patched-linux-x86_64, r-release-linux-x86_64, r-release-macos-arm64, r-release-macos-x86_64, r-release-windows-x86_64
Version: 1.18.2
Check: Rd cross-references
Result: NOTE
Undeclared packages ‘pixmap’, ‘XML’, ‘exactRankTests’, ‘coin’, ‘ROCR’, ‘Epi’, ‘verification’, ‘Hmisc’, ‘gtools’, ‘magic’, ‘zoo’ in Rd xrefs
Flavor: r-devel-linux-x86_64-fedora-clang