Last updated on 2024-07-01 03:48:58 CEST.
Flavor | Version | Tinstall | Tcheck | Ttotal | Status | Flags |
---|---|---|---|---|---|---|
r-devel-linux-x86_64-debian-clang | 1.0 | 14.20 | 103.39 | 117.59 | NOTE | |
r-devel-linux-x86_64-debian-gcc | 1.0 | 9.15 | 76.08 | 85.23 | NOTE | |
r-devel-linux-x86_64-fedora-clang | 1.0 | 143.70 | NOTE | |||
r-devel-linux-x86_64-fedora-gcc | 1.0 | 138.40 | NOTE | |||
r-devel-windows-x86_64 | 1.0 | 11.00 | 91.00 | 102.00 | NOTE | |
r-patched-linux-x86_64 | 1.0 | 17.92 | 98.30 | 116.22 | NOTE | |
r-release-linux-x86_64 | 1.0 | 13.03 | 99.53 | 112.56 | NOTE | |
r-release-macos-arm64 | 1.0 | 41.00 | NOTE | |||
r-release-macos-x86_64 | 1.0 | 60.00 | NOTE | |||
r-release-windows-x86_64 | 1.0 | 11.00 | 93.00 | 104.00 | NOTE | |
r-oldrel-macos-arm64 | 1.0 | 47.00 | NOTE | |||
r-oldrel-macos-x86_64 | 1.0 | 70.00 | NOTE | |||
r-oldrel-windows-x86_64 | 1.0 | 15.00 | 109.00 | 124.00 | NOTE |
Version: 1.0
Check: Rd files
Result: NOTE
checkRd: (-1) deleteZeroComponents.Rd:70: Escaped LaTeX specials: \& \&
Flavors: r-devel-linux-x86_64-debian-clang, r-devel-linux-x86_64-debian-gcc, r-devel-linux-x86_64-fedora-clang, r-devel-linux-x86_64-fedora-gcc, r-devel-windows-x86_64, r-patched-linux-x86_64, r-release-linux-x86_64, r-release-macos-arm64, r-release-macos-x86_64, r-release-windows-x86_64, r-oldrel-macos-arm64, r-oldrel-macos-x86_64, r-oldrel-windows-x86_64