Last updated on 2024-07-01 03:48:58 CEST.
Flavor | Version | Tinstall | Tcheck | Ttotal | Status | Flags |
---|---|---|---|---|---|---|
r-devel-linux-x86_64-debian-clang | 2.0.1 | 675.21 | 192.96 | 868.17 | OK | |
r-devel-linux-x86_64-debian-gcc | 2.0.1 | 587.22 | 200.91 | 788.13 | OK | |
r-devel-linux-x86_64-fedora-clang | 2.0.1 | 1143.70 | OK | |||
r-devel-linux-x86_64-fedora-gcc | 2.0.1 | 1511.65 | OK | |||
r-devel-windows-x86_64 | 2.0.1 | 507.00 | 235.00 | 742.00 | NOTE | |
r-patched-linux-x86_64 | 2.0.1 | 684.93 | 262.51 | 947.44 | OK | |
r-release-linux-x86_64 | 2.0.1 | 537.26 | 262.75 | 800.01 | OK | |
r-release-macos-arm64 | 2.0.1 | 267.00 | NOTE | |||
r-release-macos-x86_64 | 2.0.1 | 344.00 | NOTE | |||
r-release-windows-x86_64 | 2.0.1 | 509.00 | 230.00 | 739.00 | NOTE | |
r-oldrel-macos-arm64 | 2.0.1 | 295.00 | NOTE | |||
r-oldrel-macos-x86_64 | 2.0.1 | 333.00 | NOTE | |||
r-oldrel-windows-x86_64 | 2.0.1 | 687.00 | 289.00 | 976.00 | NOTE |
Version: 2.0.1
Check: installed package size
Result: NOTE
installed size is 5.1Mb
sub-directories of 1Mb or more:
libs 2.8Mb
Flavors: r-devel-windows-x86_64, r-release-macos-arm64, r-release-macos-x86_64, r-release-windows-x86_64, r-oldrel-macos-arm64, r-oldrel-macos-x86_64, r-oldrel-windows-x86_64