Last updated on 2024-07-01 03:48:58 CEST.
Flavor | Version | Tinstall | Tcheck | Ttotal | Status | Flags |
---|---|---|---|---|---|---|
r-devel-linux-x86_64-debian-clang | 0.2.4 | 473.31 | 261.68 | 734.99 | OK | |
r-devel-linux-x86_64-debian-gcc | 0.2.4 | 363.19 | 200.41 | 563.60 | OK | |
r-devel-linux-x86_64-fedora-clang | 0.2.4 | 1008.55 | OK | |||
r-devel-linux-x86_64-fedora-gcc | 0.2.4 | 1136.49 | OK | |||
r-devel-windows-x86_64 | 0.2.4 | 373.00 | 230.00 | 603.00 | OK | |
r-patched-linux-x86_64 | 0.2.4 | 414.20 | 253.35 | 667.55 | OK | |
r-release-linux-x86_64 | 0.2.4 | 420.66 | 248.24 | 668.90 | OK | |
r-release-macos-arm64 | 0.2.4 | 229.00 | NOTE | |||
r-release-macos-x86_64 | 0.2.4 | 267.00 | NOTE | |||
r-release-windows-x86_64 | 0.2.4 | 365.00 | 233.00 | 598.00 | OK | |
r-oldrel-macos-arm64 | 0.2.4 | 235.00 | NOTE | |||
r-oldrel-macos-x86_64 | 0.2.4 | 358.00 | NOTE | |||
r-oldrel-windows-x86_64 | 0.2.4 | 431.00 | 287.00 | 718.00 | OK |
Version: 0.2.4
Check: installed package size
Result: NOTE
installed size is 22.4Mb
sub-directories of 1Mb or more:
libs 20.9Mb
Flavors: r-release-macos-arm64, r-release-macos-x86_64, r-oldrel-macos-arm64, r-oldrel-macos-x86_64