Last updated on 2024-07-01 03:48:58 CEST.
Flavor | Version | Tinstall | Tcheck | Ttotal | Status | Flags |
---|---|---|---|---|---|---|
r-devel-linux-x86_64-debian-clang | 0.1.2 | 2.84 | 27.43 | 30.27 | NOTE | |
r-devel-linux-x86_64-debian-gcc | 0.1.2 | 2.16 | 21.68 | 23.84 | NOTE | |
r-devel-linux-x86_64-fedora-clang | 0.1.2 | 39.48 | NOTE | |||
r-devel-linux-x86_64-fedora-gcc | 0.1.2 | 49.40 | NOTE | |||
r-devel-windows-x86_64 | 0.1.2 | 3.00 | 49.00 | 52.00 | NOTE | |
r-patched-linux-x86_64 | 0.1.2 | 2.88 | 26.68 | 29.56 | NOTE | |
r-release-linux-x86_64 | 0.1.2 | 2.82 | 26.83 | 29.65 | NOTE | |
r-release-macos-arm64 | 0.1.2 | 23.00 | NOTE | |||
r-release-macos-x86_64 | 0.1.2 | 35.00 | NOTE | |||
r-release-windows-x86_64 | 0.1.2 | 3.00 | 49.00 | 52.00 | NOTE | |
r-oldrel-macos-arm64 | 0.1.2 | 22.00 | NOTE | |||
r-oldrel-macos-x86_64 | 0.1.2 | 35.00 | NOTE | |||
r-oldrel-windows-x86_64 | 0.1.2 | 3.00 | 47.00 | 50.00 | NOTE |
Version: 0.1.2
Check: LazyData
Result: NOTE
'LazyData' is specified without a 'data' directory
Flavors: r-devel-linux-x86_64-debian-clang, r-devel-linux-x86_64-debian-gcc, r-devel-linux-x86_64-fedora-clang, r-devel-linux-x86_64-fedora-gcc, r-devel-windows-x86_64, r-patched-linux-x86_64, r-release-linux-x86_64, r-release-macos-arm64, r-release-macos-x86_64, r-release-windows-x86_64, r-oldrel-macos-arm64, r-oldrel-macos-x86_64, r-oldrel-windows-x86_64