Last updated on 2024-07-01 03:48:58 CEST.
Flavor | Version | Tinstall | Tcheck | Ttotal | Status | Flags |
---|---|---|---|---|---|---|
r-devel-linux-x86_64-debian-clang | 1.10.12 | 22.83 | 201.38 | 224.21 | OK | |
r-devel-linux-x86_64-debian-gcc | 1.10.12 | 16.90 | 143.77 | 160.67 | OK | |
r-devel-linux-x86_64-fedora-clang | 1.10.12 | 267.98 | NOTE | |||
r-devel-linux-x86_64-fedora-gcc | 1.10.12 | 257.80 | NOTE | |||
r-devel-windows-x86_64 | 1.10.12 | 18.00 | 154.00 | 172.00 | OK | |
r-patched-linux-x86_64 | 1.10.12 | 18.07 | 184.78 | 202.85 | OK | |
r-release-linux-x86_64 | 1.10.12 | 19.02 | 190.39 | 209.41 | OK | |
r-release-macos-arm64 | 1.10.12 | 71.00 | OK | |||
r-release-macos-x86_64 | 1.10.12 | 119.00 | OK | |||
r-release-windows-x86_64 | 1.10.12 | 18.00 | 154.00 | 172.00 | OK | |
r-oldrel-macos-arm64 | 1.10.12 | 76.00 | OK | |||
r-oldrel-macos-x86_64 | 1.10.12 | 185.00 | OK | |||
r-oldrel-windows-x86_64 | 1.10.12 | 23.00 | 200.00 | 223.00 | OK |
Version: 1.10.12
Check: data for non-ASCII characters
Result: NOTE
Note: found 89 marked UTF-8 strings
Flavors: r-devel-linux-x86_64-fedora-clang, r-devel-linux-x86_64-fedora-gcc