Last updated on 2024-07-01 03:48:58 CEST.
Flavor | Version | Tinstall | Tcheck | Ttotal | Status | Flags |
---|---|---|---|---|---|---|
r-devel-linux-x86_64-debian-clang | 1.0 | 1581.43 | 264.72 | 1846.15 | NOTE | |
r-devel-linux-x86_64-debian-gcc | 1.0 | 1432.32 | 309.83 | 1742.15 | NOTE | |
r-devel-linux-x86_64-fedora-clang | 1.0 | 2481.87 | NOTE | |||
r-devel-linux-x86_64-fedora-gcc | 1.0 | 3747.09 | NOTE | |||
r-devel-windows-x86_64 | 1.0 | 788.00 | 349.00 | 1137.00 | NOTE | |
r-patched-linux-x86_64 | 1.0 | 1166.48 | 406.72 | 1573.20 | NOTE | |
r-release-linux-x86_64 | 1.0 | 0.02 | 3.10 | 3.12 | ERROR | |
r-release-macos-arm64 | 1.0 | 638.00 | NOTE | |||
r-release-macos-x86_64 | 1.0 | 603.00 | NOTE | |||
r-release-windows-x86_64 | 1.0 | 878.00 | 365.00 | 1243.00 | NOTE | |
r-oldrel-macos-arm64 | 1.0 | 712.00 | NOTE | |||
r-oldrel-macos-x86_64 | 1.0 | 616.00 | NOTE | |||
r-oldrel-windows-x86_64 | 1.0 | 1619.00 | 417.00 | 2036.00 | NOTE |
Version: 1.0
Check: for GNU extensions in Makefiles
Result: NOTE
GNU make is a SystemRequirements.
Flavors: r-devel-linux-x86_64-debian-clang, r-devel-linux-x86_64-debian-gcc, r-devel-linux-x86_64-fedora-clang, r-devel-linux-x86_64-fedora-gcc, r-devel-windows-x86_64, r-patched-linux-x86_64, r-release-macos-arm64, r-release-macos-x86_64, r-release-windows-x86_64, r-oldrel-macos-arm64, r-oldrel-macos-x86_64, r-oldrel-windows-x86_64
Version: 1.0
Check: installed package size
Result: NOTE
installed size is 13.2Mb
sub-directories of 1Mb or more:
libs 12.2Mb
Flavors: r-devel-linux-x86_64-fedora-clang, r-devel-windows-x86_64, r-release-macos-arm64, r-release-macos-x86_64, r-release-windows-x86_64, r-oldrel-macos-arm64, r-oldrel-macos-x86_64, r-oldrel-windows-x86_64
Version: 1.0
Check: dependencies in R code
Result: NOTE
Namespaces in Imports field not imported from:
‘R6’ ‘RcppParallel’ ‘purrr’ ‘rstantools’ ‘scales’ ‘vizdraws’
All declared Imports should be used.
Flavors: r-devel-linux-x86_64-fedora-clang, r-devel-linux-x86_64-fedora-gcc
Version: 1.0
Check: whether package can be installed
Result: ERROR
Installation failed.
Flavor: r-release-linux-x86_64