Last updated on 2024-07-01 03:48:58 CEST.
Flavor | Version | Tinstall | Tcheck | Ttotal | Status | Flags |
---|---|---|---|---|---|---|
r-devel-linux-x86_64-debian-clang | 1.2.5 | 102.80 | 107.65 | 210.45 | OK | |
r-devel-linux-x86_64-debian-gcc | 1.2.5 | 75.10 | 75.64 | 150.74 | OK | |
r-devel-linux-x86_64-fedora-clang | 1.2.5 | 262.18 | NOTE | |||
r-devel-linux-x86_64-fedora-gcc | 1.2.5 | 259.71 | OK | |||
r-devel-windows-x86_64 | 1.2.5 | 85.00 | 100.00 | 185.00 | OK | |
r-patched-linux-x86_64 | 1.2.5 | 87.31 | 99.75 | 187.06 | OK | |
r-release-linux-x86_64 | 1.2.5 | 84.63 | 92.18 | 176.81 | OK | |
r-release-macos-arm64 | 1.2.5 | 95.00 | OK | |||
r-release-macos-x86_64 | 1.2.5 | 84.00 | OK | |||
r-release-windows-x86_64 | 1.2.5 | 83.00 | 101.00 | 184.00 | OK | |
r-oldrel-macos-arm64 | 1.2.5 | 80.00 | OK | |||
r-oldrel-macos-x86_64 | 1.2.5 | 112.00 | OK | |||
r-oldrel-windows-x86_64 | 1.2.5 | 100.00 | 120.00 | 220.00 | OK |
Version: 1.2.5
Check: installed package size
Result: NOTE
installed size is 7.3Mb
sub-directories of 1Mb or more:
libs 6.6Mb
Flavor: r-devel-linux-x86_64-fedora-clang