Last updated on 2024-07-01 03:48:58 CEST.
Flavor | Version | Tinstall | Tcheck | Ttotal | Status | Flags |
---|---|---|---|---|---|---|
r-devel-linux-x86_64-debian-clang | 0.1.0 | 7.40 | 79.51 | 86.91 | OK | |
r-devel-linux-x86_64-debian-gcc | 0.1.0 | 8.76 | 60.07 | 68.83 | OK | |
r-devel-linux-x86_64-fedora-clang | 0.1.0 | 111.56 | NOTE | |||
r-devel-linux-x86_64-fedora-gcc | 0.1.0 | 126.48 | NOTE | |||
r-devel-windows-x86_64 | 0.1.0 | 11.00 | 86.00 | 97.00 | OK | |
r-patched-linux-x86_64 | 0.1.0 | 6.70 | 75.69 | 82.39 | OK | |
r-release-linux-x86_64 | 0.1.0 | 7.75 | 75.08 | 82.83 | OK | |
r-release-macos-arm64 | 0.1.0 | 56.00 | OK | |||
r-release-macos-x86_64 | 0.1.0 | 80.00 | OK | |||
r-release-windows-x86_64 | 0.1.0 | 10.00 | 86.00 | 96.00 | OK | |
r-oldrel-macos-arm64 | 0.1.0 | 56.00 | OK | |||
r-oldrel-macos-x86_64 | 0.1.0 | 78.00 | OK | |||
r-oldrel-windows-x86_64 | 0.1.0 | 14.00 | 97.00 | 111.00 | OK |
Version: 0.1.0
Check: dependencies in R code
Result: NOTE
Namespaces in Imports field not imported from:
‘CCA’ ‘brainR’ ‘elasticnet’
All declared Imports should be used.
Flavors: r-devel-linux-x86_64-fedora-clang, r-devel-linux-x86_64-fedora-gcc