Last updated on 2024-07-01 03:48:58 CEST.
Flavor | Version | Tinstall | Tcheck | Ttotal | Status | Flags |
---|---|---|---|---|---|---|
r-devel-linux-x86_64-debian-clang | 1.2.1.29 | 6.25 | 44.42 | 50.67 | OK | |
r-devel-linux-x86_64-debian-gcc | 1.2.1.29 | 4.31 | 34.09 | 38.40 | OK | |
r-devel-linux-x86_64-fedora-clang | 1.2.1.29 | 61.69 | NOTE | |||
r-devel-linux-x86_64-fedora-gcc | 1.2.1.29 | 58.44 | NOTE | |||
r-devel-windows-x86_64 | 1.2.1.29 | 7.00 | 53.00 | 60.00 | OK | |
r-patched-linux-x86_64 | 1.2.1.29 | 5.58 | 42.71 | 48.29 | OK | |
r-release-linux-x86_64 | 1.2.1.29 | 4.07 | 41.51 | 45.58 | OK | |
r-release-macos-arm64 | 1.2.1.29 | 21.00 | OK | |||
r-release-macos-x86_64 | 1.2.1.29 | 32.00 | OK | |||
r-release-windows-x86_64 | 1.2.1.29 | 6.00 | 53.00 | 59.00 | OK | |
r-oldrel-macos-arm64 | 1.2.1.29 | 21.00 | OK | |||
r-oldrel-macos-x86_64 | 1.2.1.29 | 29.00 | OK | |||
r-oldrel-windows-x86_64 | 1.2.1.29 | 8.00 | 57.00 | 65.00 | OK |
Version: 1.2.1.29
Check: dependencies in R code
Result: NOTE
Namespace in Imports field not imported from: ‘dplyr’
All declared Imports should be used.
Flavors: r-devel-linux-x86_64-fedora-clang, r-devel-linux-x86_64-fedora-gcc