Last updated on 2024-07-01 03:48:58 CEST.
Flavor | Version | Tinstall | Tcheck | Ttotal | Status | Flags |
---|---|---|---|---|---|---|
r-devel-linux-x86_64-debian-clang | 1.2.0 | 5.59 | 67.79 | 73.38 | NOTE | |
r-devel-linux-x86_64-debian-gcc | 1.2.0 | 3.67 | 49.67 | 53.34 | NOTE | |
r-devel-linux-x86_64-fedora-clang | 1.2.0 | 96.72 | NOTE | |||
r-devel-linux-x86_64-fedora-gcc | 1.2.0 | 104.80 | NOTE | |||
r-devel-windows-x86_64 | 1.2.0 | 9.00 | 79.00 | 88.00 | NOTE | |
r-patched-linux-x86_64 | 1.2.0 | 5.23 | 64.99 | 70.22 | OK | |
r-release-linux-x86_64 | 1.2.0 | 4.24 | 65.70 | 69.94 | OK | |
r-release-macos-arm64 | 1.2.0 | 43.00 | OK | |||
r-release-macos-x86_64 | 1.2.0 | 101.00 | OK | |||
r-release-windows-x86_64 | 1.2.0 | 7.00 | 79.00 | 86.00 | OK | |
r-oldrel-macos-arm64 | 1.2.0 | 56.00 | OK | |||
r-oldrel-macos-x86_64 | 1.2.0 | 140.00 | OK | |||
r-oldrel-windows-x86_64 | 1.2.0 | 10.00 | 86.00 | 96.00 | OK |
Version: 1.2.0
Check: compiled code
Result: NOTE
File ‘box/libs/box.so’:
Found non-API calls to R: ‘ENVFLAGS’, ‘SET_ENVFLAGS’
Compiled code should not call non-API entry points in R.
See ‘Writing portable packages’ in the ‘Writing R Extensions’ manual.
See section ‘Moving into C API compliance’ in the ‘Writing R
Extensions’ manual for issues with use of non-API entry points.
Flavors: r-devel-linux-x86_64-debian-clang, r-devel-linux-x86_64-debian-gcc, r-devel-linux-x86_64-fedora-gcc
Version: 1.2.0
Check: compiled code
Result: NOTE
File ‘box/libs/box.so’:
Found non-API calls to R: ‘ENVFLAGS’, ‘SET_ENVFLAGS’
Compiled code should not call non-API entry points in R.
See ‘Writing portable packages’ in the ‘Writing R Extensions’ manual,
and section ‘Moving into C API compliance’ for issues with the use of
non-API entry points.
Flavor: r-devel-linux-x86_64-fedora-clang
Version: 1.2.0
Check: compiled code
Result: NOTE
File 'box/libs/x64/box.dll':
Found non-API calls to R: 'ENVFLAGS', 'SET_ENVFLAGS'
Compiled code should not call non-API entry points in R.
See 'Writing portable packages' in the 'Writing R Extensions' manual.
See section 'Moving into C API compliance' in the 'Writing R
Extensions' manual for issues with use of non-API entry points.
Flavor: r-devel-windows-x86_64