Last updated on 2024-07-01 03:48:58 CEST.
Flavor | Version | Tinstall | Tcheck | Ttotal | Status | Flags |
---|---|---|---|---|---|---|
r-devel-linux-x86_64-debian-clang | 1.6 | 19.54 | 184.29 | 203.83 | OK | |
r-devel-linux-x86_64-debian-gcc | 1.6 | 16.42 | 133.65 | 150.07 | OK | |
r-devel-linux-x86_64-fedora-clang | 1.6 | 256.16 | NOTE | |||
r-devel-linux-x86_64-fedora-gcc | 1.6 | 243.59 | OK | |||
r-devel-windows-x86_64 | 1.6 | 20.00 | 143.00 | 163.00 | OK | |
r-patched-linux-x86_64 | 1.6 | 22.02 | 172.44 | 194.46 | OK | |
r-release-linux-x86_64 | 1.6 | 19.62 | 178.47 | 198.09 | OK | |
r-release-macos-arm64 | 1.6 | 60.00 | OK | |||
r-release-macos-x86_64 | 1.6 | 98.00 | OK | |||
r-release-windows-x86_64 | 1.6 | 20.00 | 144.00 | 164.00 | OK | |
r-oldrel-macos-arm64 | 1.6 | 50.00 | OK | |||
r-oldrel-macos-x86_64 | 1.6 | 77.00 | OK | |||
r-oldrel-windows-x86_64 | 1.6 | 21.00 | 177.00 | 198.00 | OK |
Version: 1.6
Check: Rd cross-references
Result: NOTE
Undeclared package ‘psych’ in Rd xrefs
Flavor: r-devel-linux-x86_64-fedora-clang