Last updated on 2024-07-01 03:48:58 CEST.
Flavor | Version | Tinstall | Tcheck | Ttotal | Status | Flags |
---|---|---|---|---|---|---|
r-devel-linux-x86_64-debian-clang | 0.1.1 | 8.29 | 105.25 | 113.54 | NOTE | |
r-devel-linux-x86_64-debian-gcc | 0.1.1 | 5.47 | 78.66 | 84.13 | NOTE | |
r-devel-linux-x86_64-fedora-clang | 0.1.1 | 139.93 | NOTE | |||
r-devel-linux-x86_64-fedora-gcc | 0.1.1 | 137.40 | NOTE | |||
r-devel-windows-x86_64 | 0.1.1 | 7.00 | 95.00 | 102.00 | NOTE | |
r-patched-linux-x86_64 | 0.1.1 | 6.37 | 102.93 | 109.30 | NOTE | |
r-release-linux-x86_64 | 0.1.1 | 6.23 | 109.05 | 115.28 | NOTE | |
r-release-macos-arm64 | 0.1.1 | 50.00 | NOTE | |||
r-release-macos-x86_64 | 0.1.1 | 69.00 | NOTE | |||
r-release-windows-x86_64 | 0.1.1 | 8.00 | 98.00 | 106.00 | NOTE | |
r-oldrel-macos-arm64 | 0.1.1 | 54.00 | OK | |||
r-oldrel-macos-x86_64 | 0.1.1 | 73.00 | NOTE | |||
r-oldrel-windows-x86_64 | 0.1.1 | 9.00 | 119.00 | 128.00 | OK |
Version: 0.1.1
Check: Rd files
Result: NOTE
checkRd: (-1) estimate_density.Rd:25: Lost braces; missing escapes or markup?
25 | evenly spaced points between \code{min} and {max}.
| ^
Flavors: r-devel-linux-x86_64-debian-clang, r-devel-linux-x86_64-debian-gcc, r-devel-linux-x86_64-fedora-clang, r-devel-linux-x86_64-fedora-gcc, r-devel-windows-x86_64, r-patched-linux-x86_64, r-release-linux-x86_64, r-release-macos-arm64, r-release-macos-x86_64, r-release-windows-x86_64
Version: 0.1.1
Check: package dependencies
Result: NOTE
Package suggested but not available for checking: ‘reldist’
Flavor: r-oldrel-macos-x86_64