Last updated on 2024-07-01 03:48:58 CEST.
Flavor | Version | Tinstall | Tcheck | Ttotal | Status | Flags |
---|---|---|---|---|---|---|
r-devel-linux-x86_64-debian-clang | 0.1.5 | 2.60 | 156.65 | 159.25 | OK | |
r-devel-linux-x86_64-debian-gcc | 0.1.5 | 2.14 | 103.54 | 105.68 | OK | |
r-devel-linux-x86_64-fedora-clang | 0.1.5 | 189.76 | NOTE | |||
r-devel-linux-x86_64-fedora-gcc | 0.1.5 | 193.81 | OK | |||
r-devel-windows-x86_64 | 0.1.5 | 4.00 | 100.00 | 104.00 | OK | |
r-patched-linux-x86_64 | 0.1.5 | 2.73 | 147.58 | 150.31 | OK | |
r-release-linux-x86_64 | 0.1.5 | 2.33 | 143.60 | 145.93 | OK | |
r-release-macos-arm64 | 0.1.5 | 57.00 | OK | |||
r-release-macos-x86_64 | 0.1.5 | 91.00 | OK | |||
r-release-windows-x86_64 | 0.1.5 | 4.00 | 99.00 | 103.00 | OK | |
r-oldrel-macos-arm64 | 0.1.5 | 56.00 | OK | |||
r-oldrel-macos-x86_64 | 0.1.5 | 94.00 | OK | |||
r-oldrel-windows-x86_64 | 0.1.5 | 5.00 | 152.00 | 157.00 | OK |
Version: 0.1.5
Check: Rd cross-references
Result: NOTE
Undeclared package ‘np’ in Rd xrefs
Flavor: r-devel-linux-x86_64-fedora-clang