Last updated on 2024-07-01 03:48:58 CEST.
Flavor | Version | Tinstall | Tcheck | Ttotal | Status | Flags |
---|---|---|---|---|---|---|
r-devel-linux-x86_64-debian-clang | 0.6.0 | 15.71 | 80.40 | 96.11 | OK | |
r-devel-linux-x86_64-debian-gcc | 0.6.0 | 14.67 | 60.86 | 75.53 | OK | |
r-devel-linux-x86_64-fedora-clang | 0.6.0 | 130.45 | NOTE | |||
r-devel-linux-x86_64-fedora-gcc | 0.6.0 | 134.90 | NOTE | |||
r-devel-windows-x86_64 | 0.6.0 | 18.00 | 86.00 | 104.00 | OK | |
r-patched-linux-x86_64 | 0.6.0 | 18.09 | 78.67 | 96.76 | OK | |
r-release-linux-x86_64 | 0.6.0 | 14.56 | 78.67 | 93.23 | OK | |
r-release-macos-arm64 | 0.6.0 | 61.00 | OK | |||
r-release-macos-x86_64 | 0.6.0 | 139.00 | OK | |||
r-release-windows-x86_64 | 0.6.0 | 19.00 | 84.00 | 103.00 | OK | |
r-oldrel-macos-arm64 | 0.6.0 | 64.00 | WARN | |||
r-oldrel-macos-x86_64 | 0.6.0 | 103.00 | WARN | |||
r-oldrel-windows-x86_64 | 0.6.0 | 21.00 | 96.00 | 117.00 | WARN |
Version: 0.6.0
Check: dependencies in R code
Result: NOTE
Namespaces in Imports field not imported from:
‘knitr’ ‘markdown’
All declared Imports should be used.
Flavors: r-devel-linux-x86_64-fedora-clang, r-devel-linux-x86_64-fedora-gcc
Version: 0.6.0
Check: examples
Result: WARN
Found the following significant warnings:
Warning: 'blandr.output.text' is deprecated.
Warning: 'blandr.output.text' is deprecated.
Warning: 'blandr.output.text' is deprecated.
Deprecated functions may be defunct as soon as of the next release of
R.
See ?Deprecated.
Flavors: r-oldrel-macos-arm64, r-oldrel-macos-x86_64, r-oldrel-windows-x86_64