Last updated on 2024-07-01 03:48:58 CEST.
Flavor | Version | Tinstall | Tcheck | Ttotal | Status | Flags |
---|---|---|---|---|---|---|
r-devel-linux-x86_64-debian-clang | 1.0.16 | 5.38 | 90.26 | 95.64 | OK | |
r-devel-linux-x86_64-debian-gcc | 1.0.16 | 4.68 | 65.31 | 69.99 | OK | |
r-devel-linux-x86_64-fedora-clang | 1.0.16 | 123.55 | NOTE | |||
r-devel-linux-x86_64-fedora-gcc | 1.0.16 | 128.32 | OK | |||
r-devel-windows-x86_64 | 1.0.16 | 11.00 | 143.00 | 154.00 | OK | |
r-patched-linux-x86_64 | 1.0.16 | 4.97 | 83.90 | 88.87 | OK | |
r-release-linux-x86_64 | 1.0.16 | 6.85 | 85.22 | 92.07 | OK | |
r-release-macos-arm64 | 1.0.16 | 46.00 | OK | |||
r-release-macos-x86_64 | 1.0.16 | 66.00 | OK | |||
r-release-windows-x86_64 | 1.0.16 | 11.00 | 141.00 | 152.00 | OK | |
r-oldrel-macos-arm64 | 1.0.16 | 52.00 | OK | |||
r-oldrel-macos-x86_64 | 1.0.16 | 160.00 | OK | |||
r-oldrel-windows-x86_64 | 1.0.16 | 12.00 | 165.00 | 177.00 | OK |
Version: 1.0.16
Check: package dependencies
Result: NOTE
Package suggested but not available for checking: ‘RQuantLib’
Flavor: r-devel-linux-x86_64-fedora-clang