Last updated on 2024-07-01 03:48:58 CEST.
Flavor | Version | Tinstall | Tcheck | Ttotal | Status | Flags |
---|---|---|---|---|---|---|
r-devel-linux-x86_64-debian-clang | 4.2 | 4.42 | 59.41 | 63.83 | NOTE | |
r-devel-linux-x86_64-debian-gcc | 4.2 | 3.64 | 43.35 | 46.99 | NOTE | |
r-devel-linux-x86_64-fedora-clang | 4.2 | 78.84 | NOTE | |||
r-devel-linux-x86_64-fedora-gcc | 4.2 | 88.60 | NOTE | |||
r-devel-windows-x86_64 | 4.2 | 6.00 | 67.00 | 73.00 | NOTE | |
r-patched-linux-x86_64 | 4.2 | 6.09 | 57.00 | 63.09 | NOTE | |
r-release-linux-x86_64 | 4.2 | 3.59 | 57.40 | 60.99 | NOTE | |
r-release-macos-arm64 | 4.2 | 31.00 | NOTE | |||
r-release-macos-x86_64 | 4.2 | 51.00 | NOTE | |||
r-release-windows-x86_64 | 4.2 | 6.00 | 67.00 | 73.00 | NOTE | |
r-oldrel-macos-arm64 | 4.2 | 31.00 | NOTE | |||
r-oldrel-macos-x86_64 | 4.2 | 50.00 | NOTE | |||
r-oldrel-windows-x86_64 | 4.2 | 5.00 | 72.00 | 77.00 | NOTE |
Version: 4.2
Check: Rd files
Result: NOTE
checkRd: (-1) tocher.Rd:13: Escaped LaTeX specials: \&
Flavors: r-devel-linux-x86_64-debian-clang, r-devel-linux-x86_64-debian-gcc, r-devel-linux-x86_64-fedora-clang, r-devel-linux-x86_64-fedora-gcc, r-devel-windows-x86_64, r-patched-linux-x86_64, r-release-linux-x86_64, r-release-macos-arm64, r-release-macos-x86_64, r-release-windows-x86_64, r-oldrel-macos-arm64, r-oldrel-macos-x86_64, r-oldrel-windows-x86_64