Last updated on 2024-07-01 03:48:58 CEST.
Flavor | Version | Tinstall | Tcheck | Ttotal | Status | Flags |
---|---|---|---|---|---|---|
r-devel-linux-x86_64-debian-clang | 1.2.3 | 9.98 | 75.35 | 85.33 | NOTE | |
r-devel-linux-x86_64-debian-gcc | 1.2.3 | 7.49 | 56.26 | 63.75 | NOTE | |
r-devel-linux-x86_64-fedora-clang | 1.2.3 | 100.74 | NOTE | |||
r-devel-linux-x86_64-fedora-gcc | 1.2.3 | 99.14 | NOTE | |||
r-devel-windows-x86_64 | 1.2.3 | 9.00 | 83.00 | 92.00 | NOTE | |
r-patched-linux-x86_64 | 1.2.3 | 10.69 | 71.11 | 81.80 | NOTE | |
r-release-linux-x86_64 | 1.2.3 | 8.86 | 73.50 | 82.36 | NOTE | |
r-release-macos-arm64 | 1.2.3 | 34.00 | NOTE | |||
r-release-macos-x86_64 | 1.2.3 | 49.00 | NOTE | |||
r-release-windows-x86_64 | 1.2.3 | 9.00 | 84.00 | 93.00 | NOTE | |
r-oldrel-macos-arm64 | 1.2.3 | 35.00 | OK | |||
r-oldrel-macos-x86_64 | 1.2.3 | 54.00 | OK | |||
r-oldrel-windows-x86_64 | 1.2.3 | 13.00 | 94.00 | 107.00 | OK |
Version: 1.2.3
Check: Rd files
Result: NOTE
checkRd: (-1) mmds.2D.multi.Rd:118: Lost braces
118 | a numeric value in inches indicating the height of graph outfile. Default differs by outfile.type. The resolution for tiff and png figures is 150 dpi. See \code{pdf}, code{tiff}, \code{png}, \code{postscript}.
| ^
checkRd: (-1) mmds.2D.plot.Rd:134: Lost braces
134 | a numeric value in inches indicating the height of graph outfile. Default differs by outfile.type. The resolution for tiff and png figures is 150 dpi. See \code{pdf}, code{tiff}, \code{png}, \code{postscript}.
| ^
Flavors: r-devel-linux-x86_64-debian-clang, r-devel-linux-x86_64-debian-gcc, r-devel-linux-x86_64-fedora-clang, r-devel-linux-x86_64-fedora-gcc, r-devel-windows-x86_64, r-patched-linux-x86_64, r-release-linux-x86_64, r-release-macos-arm64, r-release-macos-x86_64, r-release-windows-x86_64