Last updated on 2024-07-01 03:48:58 CEST.
Flavor | Version | Tinstall | Tcheck | Ttotal | Status | Flags |
---|---|---|---|---|---|---|
r-devel-linux-x86_64-debian-clang | 1.1.1 | 45.68 | 219.35 | 265.03 | OK | |
r-devel-linux-x86_64-debian-gcc | 1.1.1 | 34.71 | 162.36 | 197.07 | OK | |
r-devel-linux-x86_64-fedora-clang | 1.1.1 | 352.01 | NOTE | |||
r-devel-linux-x86_64-fedora-gcc | 1.1.1 | 331.80 | OK | |||
r-devel-windows-x86_64 | 1.1.1 | 41.00 | 180.00 | 221.00 | NOTE | |
r-patched-linux-x86_64 | 1.1.1 | 42.46 | 213.49 | 255.95 | OK | |
r-release-linux-x86_64 | 1.1.1 | 36.81 | 206.20 | 243.01 | OK | |
r-release-macos-arm64 | 1.1.1 | 83.00 | NOTE | |||
r-release-macos-x86_64 | 1.1.1 | 160.00 | NOTE | |||
r-release-windows-x86_64 | 1.1.1 | 40.00 | 189.00 | 229.00 | NOTE | |
r-oldrel-macos-arm64 | 1.1.1 | 95.00 | NOTE | |||
r-oldrel-macos-x86_64 | 1.1.1 | 204.00 | NOTE | |||
r-oldrel-windows-x86_64 | 1.1.1 | 47.00 | 233.00 | 280.00 | NOTE |
Version: 1.1.1
Check: installed package size
Result: NOTE
installed size is 5.5Mb
sub-directories of 1Mb or more:
data 1.6Mb
help 2.6Mb
Flavors: r-devel-linux-x86_64-fedora-clang, r-devel-windows-x86_64, r-release-macos-arm64, r-release-macos-x86_64, r-release-windows-x86_64, r-oldrel-macos-arm64, r-oldrel-macos-x86_64, r-oldrel-windows-x86_64
Version: 1.1.1
Check: Rd cross-references
Result: NOTE
Undeclared package ‘vegan’ in Rd xrefs
Flavor: r-devel-linux-x86_64-fedora-clang